lculate the highest common divisor of 3 and s.
3
Let r = -81 - -98. Calculate the highest common factor of r and 153.
17
Let t be ((-4)/(-10))/(-1 + (-480)/(-475)). Calculate the greatest common factor of t and 19.
19
Let c(f) = -f**2 + 9*f + 4. Let h be c(9). Let p = h - 0. Let q be p/14 - (-960)/70. What is the highest common divisor of q and 14?
14
Suppose 38 = 3*d + 8. Let z be (-3)/(-2)*(-6)/9. Let v be (100/(-4))/(z/4). Calculate the greatest common factor of d and v.
10
Let s(o) = o**2 + 9*o - 7. Let b be s(-10). Let t be (b/5)/((-6)/(-150)). Calculate the highest common divisor of 165 and t.
15
Let q be 1 + -1 - 1 - -5. Let s(m) = 8 - 8 + m**2. Let t be s(-6). Calculate the highest common divisor of t and q.
4
Suppose z - 19 = -5. Let w(o) = o + 42. Let c be w(0). Calculate the highest common divisor of c and z.
14
Let u = -49 + 35. Let r be u/((-3)/(6/(-4))). Let s be (1 + r)*-1*1. Calculate the greatest common factor of 15 and s.
3
Let r = -30 + 19. Let z = 35 + r. Calculate the highest common divisor of 36 and z.
12
Let g be 10/2 - (-1 + 4). Suppose -4*y - g*u + 362 = 0, -y = 3*y - 2*u - 342. What is the highest common divisor of y and 8?
8
Let x = -39 + 45. What is the highest common factor of x and 54?
6
Let p(f) = f + 4. Let r be p(6). What is the greatest common divisor of r and 20?
10
Let c be (20/6)/((-3)/(-45)). Suppose -12 = -l - 3*l. Suppose -2*f - l*f = -c. What is the greatest common divisor of f and 90?
10
Suppose -5 = -5*v - 25. Let x be 111/6 + 2/v. What is the highest common factor of 27 and x?
9
Let t(q) = q + 9. Let p be t(0). Let c be (54/(-5))/((-9)/(405/6)). What is the highest common factor of p and c?
9
Suppose -4*q + 471 = -3*o - 38, -4*o = -3*q + 380. Calculate the highest common divisor of 16 and q.
16
Let w(b) = 3*b + 3. Let h be w(5). Let s = -12 + h. Let o = -4 + s. Calculate the highest common factor of 1 and o.
1
Let q = -11 + 55. What is the highest common factor of q and 11?
11
Suppose -21 = 10*z - 13*z. Let w(l) = 2*l - 1. Let a be w(1). What is the highest common factor of z and a?
1
Suppose -4*g + 30 = -26. What is the highest common factor of 70 and g?
14
Suppose 5*n - 62 - 38 = 0. Let d be (62/(-5))/(4/(-10)). Suppose -d = -z + 19. Calculate the greatest common factor of n and z.
10
Let b be 0 - (2 - (-2 - -6)). Suppose 4*d - 2 = b. Let r be 18/27 + 1/3. Calculate the greatest common factor of d and r.
1
Let i = 36 + 4. Calculate the highest common factor of 60 and i.
20
Let z = 229 - 126. Suppose -2 = -3*x + z. What is the greatest common factor of 7 and x?
7
Let k be (0 - 69)*((-40)/12 + 3). What is the highest common divisor of k and 23?
23
Suppose -v + 7 = 3. Suppose -57 = -3*q + 15. Suppose h + 4 = -2*d + q, d + 4 = 0. What is the highest common divisor of v and h?
4
Suppose 3*o = 4*p - 145, -2*o = 3*p - 95 - 1. Calculate the greatest common factor of 85 and p.
17
Let m = 439 - 742. Let k = -512 - m. Let o = k + 314. Calculate the highest common factor of o and 15.
15
Let s = 2 + -1. Let c be -75*(s - (-7)/(-5)). Suppose 5*h = 2*w + 2*h - 84, 5*w - 229 = -2*h. Calculate the greatest common divisor of w and c.
15
Let k be (-8 + 13)*633/5. Suppose 3*u - 380 = 2*z, 5*u + 0*z = 3*z + k. What is the highest common factor of 14 and u?
14
Let d be ((-1)/2)/(2/(-704)). Let w be (-12)/3 - (5 + -17). Let o(j) = j + 8. Let t be o(w). What is the highest common factor of t and d?
16
Let k be 1/7 + (-336)/(-49). Suppose 0 = -6*a + k*a - 10. What is the greatest common factor of a and 1?
1
Let b(x) = x**3 + 10*x**2 + 8*x - x - 9 + 0*x. Let r be b(-9). Calculate the highest common factor of 27 and r.
9
Suppose 2*s + 1 = 3. Let v be 120 + (-2 - (-2)/s). Let f = 18 - 3. What is the highest common factor of v and f?
15
Suppose -6*r = -10*r + 72. Calculate the highest common factor of r and 18.
18
Let d be (1 + 1 + -20)/(-2). Calculate the greatest common divisor of 3 and d.
3
Let a(c) = -c**3 - 8*c**2 - 9*c + 8. Let u be a(-8). Suppose f - u = -0*f. Calculate the greatest common divisor of 20 and f.
20
Let o = -36 - -51. Let c = -177 - -346. Suppose 0 = -2*f + 4, 5*f + 1 + c = 4*g. What is the greatest common factor of g and o?
15
Let r(m) = -m**3 + 8*m**2 + 4*m. Let g be r(8). Calculate the highest common factor of g and 256.
32
Let o(q) = 5*q**3 - q + 1. Let y be o(1). Suppose -2*x = -4*x. Suppose -3*v + 8*v - 150 = x. Calculate the greatest common divisor of v and y.
5
Let q = 23 + -46. Let h = q + 34. Calculate the highest common factor of 11 and h.
11
Let v = -14 + 26. Let f = 4 + -1. Let w be f - -83 - (1 + 1). What is the greatest common divisor of w and v?
12
Let h be 106/10 + (-4)/(-10). Suppose -i - i + 98 = 0. Suppose -4*l = 4*v - 228, -5*v - 106 = -3*l + i. Calculate the highest common factor of l and h.
11
Suppose 0 = 4*k - 6*k + 48. Suppose -j = -2*j + 60. Calculate the highest common divisor of k and j.
12
Let a = 104 - -135. Suppose 0*d + b + a = 2*d, -5*b = 25. What is the highest common factor of d and 13?
13
Let v(x) = 4*x - 39. Let j be v(16). Calculate the highest common divisor of 175 and j.
25
Suppose -f + 234 = f. What is the greatest common factor of 13 and f?
13
Let m be 6/(-33) + (-20)/11. Let r be 3 + 0 + (-3 - m). Suppose 5*c + 10 = -0*c, 4*c + 28 = 4*v. Calculate the highest common factor of v and r.
1
Let l = -30 - -105. Calculate the greatest common divisor of l and 25.
25
Let r = 7 - -24. Calculate the greatest common factor of r and 31.
31
Let a(v) = v - 17. Let g be a(19). Calculate the greatest common factor of g and 16.
2
Suppose 2*x + 99 = 5*z - x, -5*x = -10. What is the greatest common factor of 105 and z?
21
Suppose -2*j - 3*i = 0, -3*i = -0*j - j. Suppose j = -4*r + 16 + 64. Suppose 0 = m + m - r. What is the greatest common divisor of m and 10?
10
Suppose 4*h - 5*n = 9, 0*n = 2*h - 4*n. Calculate the highest common divisor of 8 and h.
2
Let h(c) = -2*c**2 - 4*c + 1. Let t be h(-3). Let m(k) = -k**2 - 6*k + 5. Let v be m(t). Let u = v + 2. What is the highest common divisor of u and 18?
6
Let n(o) = o**3 - 7*o**2 + 4*o + 8. Let i be n(5). Let p be (-4)/i - (-1844)/22. What is the highest common factor of 12 and p?
12
Suppose 4*k = 5*s + 3*k - 4, 0 = -3*s + 4*k - 1. Calculate the highest common factor of 1 and s.
1
Suppose -44 = -3*s + 2*s. Calculate the greatest common factor of 11 and s.
11
Suppose 95 = 4*q - 17. Let g be (0 - -1)/((-2)/(-6)). Suppose -g*n = -5*l + n + 142, -l + q = -n. Calculate the highest common divisor of 12 and l.
6
Let v(u) = -u**2 + u. Let w be v(1). Suppose w = -5*b + 2*c + 44, -b + 2*c + 4 = -0. Calculate the greatest common divisor of b and 90.
10
Let l(k) = k**3 + 12*k**2 + k + 6. Let s be l(-5). Calculate the greatest common factor of 22 and s.
22
Suppose -3*r = -2*q + 21, 3*q = 2*r + 19 + 10. Calculate the greatest common factor of q and 27.
9
Let d be ((-176)/55)/(2/(-5)). Let v be (-4)/(-6) + (-716)/(-6). Let p = v + -32. Calculate the highest common divisor of p and d.
8
Let f(m) = -m**2 - m + 6*m**2 + 1 + m**3 - 2*m**2. Let h be f(-4). Let a = h + 19. Calculate the greatest common factor of 16 and a.
8
Let n = 266 + -73. Suppose -2*i = -n + 43. What is the highest common divisor of 30 and i?
15
Let u = 32 - 23. Calculate the greatest common divisor of u and 1.
1
Let d be 1/(((-15)/(-6))/5). Let m(u) = 3*u - 7*u**2 + 0*u**d - 7 - 3*u**3 + 4*u**3 + 0. Let w be m(7). Calculate the highest common divisor of w and 21.
7
Suppose 3*q + 3*x - 175 = -7, -q = 3*x - 62. Suppose 4*c = 2*f - 38, 3*c = -5*f + q + 55. Calculate the highest common divisor of 42 and f.
21
Let y(x) = -x**2 - 4*x + 18. Let j be y(-6). What is the highest common factor of j and 102?
6
Let m = 256 - 141. What is the greatest common factor of 23 and m?
23
Let h be ((-74 + -2)*1)/(-2). Calculate the greatest common factor of h and 380.
38
Suppose 2*m + 4*t - 85 = -3, -m + t + 32 = 0. What is the greatest common factor of 14 and m?
7
Suppose 4*n + 3*b + 45 = 0, -2*b = 4*n - 6*n - 12. Let z = 23 + n. What is the greatest common divisor of z and 35?
7
Suppose 3 = 3*c - 4*h + 29, 3*c + 10 = -4*h. Let x(p) = -2*p. Let j be x(c). What is the greatest common divisor of 72 and j?
12
Let b be 2/7 - 262/(-14). Suppose 2*u + 50 = 4*c, -5*c - 2*u + b + 48 = 0. Calculate the great